 t = -o + 4*o, -4*p - 20 = 0. What is the remainder when o is divided by (20*(-1)/(-10))/(2 - 26/14)?
11
Suppose -h + 9 = 10, -5*h - 1780 = -5*q. Calculate the remainder when 2472 is divided by q.
342
Let k(p) = 2*p. Let u be k(2). Suppose -2*h + 102 = -4*o, o - 3*o = u*h - 194. Calculate the remainder when (-211)/(-7) + (-7)/h is divided by 16.
14
Let j(m) = -49*m + 265. Let d be j(15). Let r = d + 534. What is the remainder when r is divided by 35?
29
Let q(k) = 98*k - 677. What is the remainder when q(20) is divided by 49?
9
Let u(a) = 2*a**3 + a**2 - 7*a + 34. Calculate the remainder when -1*(1 + -66 + -1) is divided by u(0).
32
Let k(y) = -68*y + 737. What is the remainder when k(-20) is divided by 20?
17
Suppose -3*t = -17*h + 12*h - 1240, t + 975 = -4*h. Let k = h - -298. Calculate the remainder when 201 is divided by k.
42
Calculate the remainder when 3078 is divided by (766 - 1)*(527/(-17))/(-31).
18
Suppose 3*o - 235 = -d, 2*o - 4*d = 3*o - 71. Suppose 0 = -4*n - o - 185. Let v = n - -138. Calculate the remainder when v is divided by 15.
12
Suppose 5*s + 3*z = 595, -2*s + 9*z = 14*z - 219. Suppose 0 = -3*n - n + 224. Calculate the remainder when s is divided by n.
10
Let q(p) = p**2 + 5*p + 1. Let x be q(-20). Let a = x - 175. Calculate the remainder when a is divided by 27.
18
Suppose 2*a - 722 = -36*a. Suppose 0 = 4*i - i - 36. Let k = i + -1. What is the remainder when a is divided by k?
8
What is the remainder when 790 is divided by (290/(-435)*(-3)/(-2))/((-3)/435)?
65
Suppose 26*f - 1749 = 5*f - 32*f. Let u = 190 + 204. What is the remainder when u is divided by f?
31
Suppose 3*z = 215 - 50. Let m = -1617 + 1636. Calculate the remainder when z - 0/(-2 + 3) is divided by m.
17
Let a = -701 - -399. Let j = 316 + a. What is the remainder when 66 is divided by j?
10
Let m(l) = l**2 + 4*l - 2. Let t be m(-5). Let c = 2675 - 2726. Let v = t - c. What is the remainder when v is divided by 28?
26
Suppose -7796 + 2224 = -14*w. Let q be (-2)/(-12)*w + (-24)/(-36). Suppose q = z + 4*s + 15, -8 = -4*s. What is the remainder when z is divided by 12?
8
Let l = 0 + 5. Let q(h) = -h**3 + 6*h**2 - 4*h - 3. Let r be q(l). Let d(f) = 7*f**2 - f - 1. What is the remainder when d(r) is divided by 15?
10
Suppose -651*j + 654*j - 5*h - 178 = 0, -54 = -j + 3*h. What is the remainder when 1001 is divided by j?
11
Suppose 0 = -5*k + 5*o + 3295, 5*k - 5*o - 3345 = -10*o. Suppose 3*f + 9 = 18, 3*c - 5*f - 12 = 0. Calculate the remainder when k is divided by c.
7
Suppose -b + 5*b = -5*q + 43, -31 = -4*b - q. Calculate the remainder when 1813/b - -1*4 is divided by 22.
21
Suppose -19 + 214 = 5*o. Calculate the remainder when o is divided by 15 + 7 + -2 - -1.
18
Let t = 11 - 5. Let z = t + -3. Suppose -z*x - 9 = -4*x. Calculate the remainder when x is divided by 2.
1
Let o(b) = 7*b - 35. Let l(v) = 4*v**2 - 41*v + 90. What is the remainder when l(12) is divided by o(10)?
34
Let q(b) = 178*b**2 - 2246*b + 17. Calculate the remainder when q(13) is divided by 278.
67
Let t = -146 - -150. Suppose -82 = -p + 5*k, 0*k + t*k = -p + 100. Calculate the remainder when p is divided by (-1 + 2)/(1/31).
30
Let c = -87 + 92. Suppose c*d - 119 + 9 = 0. Suppose 0 = 3*u - 15, v - 12 = -4*u + d. Calculate the remainder when 54 is divided by v.
12
Let i be -394 - 12/10*160/48. Let l = -256 - i. What is the remainder when l is divided by 9?
7
Let r(n) = -735*n + 9084. Calculate the remainder when r(12) is divided by 116.
32
Let m = -36 + 39. Suppose 36 = 2*r + s, -2*r - m*r + 88 = 2*s. Suppose 2*u = 6 + r. Calculate the remainder when 96 is divided by u.
8
What is the remainder when ((-836)/(-2) - 0)/((-89)/(4628/(-104))) is divided by 84?
41
Let a(t) = 4 - 8 - 2*t + 30*t**3 + t**2 - 29*t**3. Let v = 2 - -1. What is the remainder when a(v) is divided by 6?
2
Suppose 2*g - 329 = -u - 2*u, -3*g - 4*u + 491 = 0. Suppose x = 364 - g. Calculate the remainder when x is divided by 10.
7
Suppose -3355 = -23*f - 917. What is the remainder when 474 is divided by f?
50
Suppose 5*h + 30400 = 2*b, -h = -3*b + 27995 + 17618. Calculate the remainder when b is divided by 111.
109
Calculate the remainder when 346 is divided by ((-5358)/228 - (0 - 9))*-8.
114
Let z = 248 - 166. Suppose -188 = -5*h + z. Suppose 5*g - 2*u - 193 = 0, 2*g + 2*u - h - 26 = 0. What is the remainder when g is divided by 14?
11
Let d(a) = -3*a**2 - 49*a + 34. Let u be d(-15). Suppose u - 17 = 7*t. What is the remainder when 51 is divided by t?
7
Suppose 3*w - 13 = 2*r, 5*r + 3*w - 13 = 7. Suppose -11 = -g - r. Suppose 0 = x - b - 30, 0*x + g = x + 3*b. Calculate the remainder when 97 is divided by x.
22
Let z(g) = -4*g**2 + 213*g - 30. Suppose -4*m + m + 123 = 0. What is the remainder when m is divided by z(53)?
18
Let p(k) = 9*k**2 - 19*k + 31. Let o be p(11). Suppose -49 = -6*x + o. What is the remainder when x is divided by 63?
34
Let q(c) = 341*c - 1608. What is the remainder when q(5) is divided by 23?
5
Suppose -8*f = -f - 63. Suppose 3 = t + f. Calculate the remainder when 28 is divided by (t/9)/((-10)/165).
6
Let p(c) = -37*c + 38. Let z be p(-7). Suppose -10*f - 37 = -z. Suppose -l = -t - 2 - 12, 2*l - 3*t = f. Calculate the remainder when 94 is divided by l.
14
Suppose 0 = -4*u + 2*q + 1338, 91 = 5*u + 2*q - 1577. Let t = u - 185. Calculate the remainder when t is divided by 19.
16
Calculate the remainder when 2354 is divided by (-58 - (1 - (7 + -16)))*(-1 + -4).
314
Suppose 6*h = -1 + 169. Let m = h + 67. Calculate the remainder when m is divided by 48.
47
Let d(c) = -5*c - 495. What is the remainder when 6236 is divided by d(-105)?
26
Suppose -111*m + 73*m + 14190 = 72*m. What is the remainder when 1676 is divided by m?
128
What is the remainder when 8/(-18)*6219*(1 + (-15)/10) is divided by 319?
106
Let s(h) = h**2 - 8*h - 18. Let m be s(13). Let n = m - -20. Let c = -27 + n. Calculate the remainder when c is divided by 22.
18
Suppose -21*p = -9*p - 13*p. Suppose -6*i + 1967 - 1121 = p. What is the remainder when i is divided by 24?
21
Calculate the remainder when 610 is divided by 534/30 + ((-9)/(-12))/((-15)/16).
15
Let d(q) = q**3 + q - 258. Let u be d(0). Let p(a) = -160*a - 1396. Calculate the remainder when (8/(-12))/(2/u) is divided by p(-9).
42
Suppose 0 = 267*w - 294*w + 648. Calculate the remainder when 62 is divided by w.
14
Let q = 226 + -216. Suppose o = -2*o - 9, -5*d + 6 = -2*o. Suppose 4*l = -2*v + q, -3*l + d*l + 5*v + 27 = 0. What is the remainder when 9 is divided by l?
1
Let d = 354 - 138. Suppose 3*f - 4*v + 124 = 0, -3*f = 2*f - 2*v + d. Let r = -16 - f. Calculate the remainder when r is divided by 12.
4
Suppose -695*x - 427 = -702*x. Calculate the remainder when 167 is divided by x.
45
Let n(q) = -652 - 4*q**2 - 21*q**2 + 567 + 17*q - q**3. What is the remainder when n(-26) is divided by 15?
14
Let y(m) = 41*m - 2488. What is the remainder when 152 is divided by y(63)?
57
Let d = 8065 - 8000. Let a(j) = -j**3 + 3*j**2 + 3*j + 3. Let z be a(4). What is the remainder when d is divided by 51/(-6)*(z - 3)?
31
Let o = 15673 + -15333. What is the remainder when o is divided by 128?
84
Let u = 4062 + -4026. Calculate the remainder when 90 is divided by u.
18
Suppose 141*v - 201*v - 178*v + 3094 = 0. What is the remainder when 115 is divided by v?
11
Suppose 145*h + 15 = 146*h. Let u(q) = -q**3 + 12*q**2 + 44*q + 20. What is the remainder when 136 is divided by u(h)?
1
Suppose 605 = -52*r + 47*r + 9490. Calculate the remainder when 1777 is divided by r.
0
Suppose 6*c = -0*c + 420. Suppose 766 = 24*o + c. Calculate the remainder when 434 is divided by o.
28
Let n be 133/3 + ((-14)/6 - -2). Let m = n + -51. Let z = 22 - m. What is the remainder when 142 is divided by z?
26
Suppose u + 16 = 13 + 57. Calculate the remainder when 85 is divided by u.
31
Let x be 18/(-2) + -7 + 5. Let k(o) = -o**3 - 9*o**2 - 2*o - 6. What is the remainder when k(x) is divided by 24?
18
Let j = -1256 + 1726. What is the remainder when j is divided by 149?
23
Let n = 10940 + -10809. Calculate the remainder when n is divided by 48.
35
Let h be 1744/(-10) + -1 + (-9)/15. Let b = h + 225. What is the remainder when 95 is divided by b?
46
Let c = 12 + -9. Suppose -2*a = c*a + 5*x - 10, 2*x = -a + 1. Suppose 5*r - 11 